divided by 41.
5
Let y = -8944 + 9031. Calculate the remainder when 2518 is divided by y.
82
Let u(i) be the first derivative of -3*i**2/2 + 3*i + 19. Let l be u(5). Calculate the remainder when (-582)/l*2 - -5 is divided by 26.
24
Suppose 110 = 7*c - 2*c. Calculate the remainder when c is divided by (-18)/(-4)*9/((-756)/(-56)).
1
Suppose 0 = -25*u + 44*u - 7828. What is the remainder when u is divided by 43?
25
Suppose -4*l + 2*s + 582 = 0, -5*l - s + 725 = -6*s. Suppose -2*j + 132 = 4*p, j + 43 = 3*p + 129. What is the remainder when l is divided by j?
72
Let v(n) = 5*n**3 - 4*n**2 - 4*n - 1. What is the remainder when 429 is divided by v(3)?
85
Suppose 0 = 267*d - 276*d + 21132. Calculate the remainder when d is divided by 10.
8
Suppose 5*k + 2*d = 10, 2*k + 4*d - 3 = 1. Suppose -k*f = -6*f + 4*w, 0 = -2*f - w - 9. Calculate the remainder when 37 is divided by f - 16*(-4 - -3).
11
Suppose -140*q - 17*q - 484405 + 5239307 = 0. Calculate the remainder when q is divided by 24.
22
Let k = 16070 - 13892. What is the remainder when k is divided by 47?
16
Let a = 12306 - 12262. What is the remainder when 1458 is divided by a?
6
Suppose 0 = 7*g + 3*i - 210 - 584, 2*i + 111 = g. What is the remainder when 3501 is divided by g?
111
Let z(s) = -s**3 + s**2 - 29*s + 108. Suppose i - 3 = 0, 5*g + 5*i - 81 = 3*i. What is the remainder when g is divided by z(3)?
0
Let x = -22 + 21. Let s(v) = -v**3 - 2*v**2 - v. What is the remainder when ((-51)/85)/(x/5) is divided by s(-2)?
1
Let h(t) = t**3 - 22*t**2 - 25*t + 50. Suppose 0 = -4*d + 27*d - 529. What is the remainder when 21 is divided by h(d)?
1
Let j(g) = -2*g**2 - 196*g - 144. What is the remainder when 191 is divided by j(-97)?
41
Suppose -138*r + 435 = -123*r. Calculate the remainder when 158 is divided by r.
13
Let b = 1862 - 1767. What is the remainder when 359 is divided by b?
74
Let z = -16206 + 16630. Calculate the remainder when z is divided by 216.
208
Let x be (2 + 7/14)*(-14)/(-5). Suppose 918 = 10*p + x*p. Let a = p - 43. Calculate the remainder when 20 is divided by a.
9
Suppose 397 = -n + 5*n + 5*u, -4*n + 439 = -9*u. Calculate the remainder when 284 is divided by n.
78
Let b(d) = -13*d + 1163. What is the remainder when 378 is divided by b(72)?
151
Suppose 13*x = 8*x + g + 1420, 0 = -4*x + 4*g + 1120. What is the remainder when x is divided by 30?
15
Let q = -336 + 163. Let g = 184 + q. Calculate the remainder when 12 is divided by g.
1
Suppose -32*h + 44*h = 192. Suppose -h*z - 16 = -18*z. Let o = 49 + -28. Calculate the remainder when o is divided by z.
5
What is the remainder when 138 is divided by -6*(-6)/9 - (-385)/(-22)*-2?
21
Let i = 1599 + -2915. Let n be -2 - (i/10 + (-8)/20). Suppose 0 = 4*l - 9*l + n. Calculate the remainder when 103 is divided by l.
25
Suppose -48045 + 271384 = 222*l + 5779. What is the remainder when l is divided by 76?
68
Suppose 36*g = 27*g + 6012. Suppose -4*m - 20 + g = 0. What is the remainder when m is divided by 33?
30
Let m(g) = -g**2 + 17*g - 70. Let t be m(7). Suppose t = 8*l + 157 - 549. What is the remainder when l is divided by 30?
19
Suppose 25 = 5*j + 5. Suppose -10*h - 323 = -533. Calculate the remainder when (j/(-4))/((-1)/83) is divided by h.
20
Let g(k) = 151*k + 2. Let t(n) = n**2 - 3*n - 104. What is the remainder when g(2) is divided by t(16)?
96
Let f = -91 + 237. What is the remainder when f is divided by 17/(680/1312) - 1/(-5)?
14
Let g = 62 + -72. Let k = g + 118. What is the remainder when k is divided by 23?
16
Suppose -h - 207 = -3*n, 2*n - 2*h = 149 - 15. Suppose 3*w = 3*z - 36, -5*z + 3*w = 8*w - n. What is the remainder when 51 is divided by z?
12
Suppose -17*n + 14*n - 2*h = -135, -5*n - 4*h = -227. Let d(w) = -5*w**3 - 2*w**2 + w + 2. What is the remainder when n is divided by d(-1)?
3
Let p(w) = -w**2 + 32*w - 27. Let k be p(13). Let c = -171 + k. Calculate the remainder when c is divided by 13.
10
Let k(o) = -3*o**3 + 2*o**2 + 2*o + 7. Suppose -a - 74 + 72 = 0. Calculate the remainder when k(a) is divided by 18.
17
Suppose -141*i + 142*i = 586. Calculate the remainder when i is divided by 286.
14
Suppose 13*a - 3470 = -19*a - 942. What is the remainder when 860 is divided by a?
70
Suppose 5*u - 98 = -4*h, 2*u - 38 = -5*h + 4*h. Let a(s) = -133*s**2 - s**3 - u - 12*s + 61*s**2 + 61*s**2. What is the remainder when a(-10) is divided by 1?
0
Suppose 47*w + 52*w - 9752 = -7*w. What is the remainder when w is divided by 19?
16
Suppose 3*i - 22 = 20. Suppose 13*r - 11*r = i. Calculate the remainder when (-1)/(-4) - (-3283)/196 is divided by r.
3
Suppose 2*g - 4*n + 39 = 111, 5*g - 147 = -n. Calculate the remainder when 139 is divided by g.
19
Let q(b) = 2*b**2 - 39*b + 11. Let k = -13 - -17. Suppose 3*f = 5*n - 60, -5*n + 60 = 2*f - k*f. Calculate the remainder when q(20) is divided by n.
7
Let x be 13*(-5 + 6) + -9. Suppose 2*c - 42 = 34. Suppose -c = x*z - 6*z. Calculate the remainder when z is divided by 11.
8
Let u(i) = -1987*i + 22645. Calculate the remainder when 3947 is divided by u(11).
7
Let d(f) = f**2 + 18. Suppose -12*n + 396 = -n. Suppose 2*j = -36 + n. Calculate the remainder when d(j) is divided by 5.
3
Let b = 47 + -42. Suppose w - 144 = b*w + 3*o, -5*w - 180 = -5*o. Let a = w - -57. What is the remainder when 62 is divided by a?
20
Let z(q) = -7*q - 51. Suppose -5*b = -3*m + 62, -b - 4*m - 2 = -8. Let x be z(b). Suppose -28 = 15*v - x*v. Calculate the remainder when v is divided by 2.
1
Let q(u) = 6715*u - 26831. Suppose 5*d = 111 + 119. What is the remainder when d is divided by q(4)?
17
Suppose -3*y = -8*y + 4*q + 14, 5*y = -4*q + 6. Suppose y*c - 6*w - 119 = -w, -4*c + 3*w = -245. Calculate the remainder when c is divided by 23.
16
Let z(m) be the first derivative of m**4/4 + 29*m**3/3 + 27*m**2/2 + 4*m - 46. What is the remainder when 121 is divided by z(-28)?
25
Let r(o) = 36*o - 11. What is the remainder when r(8) is divided by 1 + ((-36)/15 - 60/100) + 37?
32
Suppose 0 = g + 3*g - 80. What is the remainder when 174/(-870) + 491/5 is divided by g?
18
Let y = -829 + 634. What is the remainder when 233 is divided by (-310)/(-6)*(-234)/y?
47
Suppose 3*w = -w + 1008. Suppose 2*o = 4*t + w, -2*o - o = -5*t - 314. Calculate the remainder when 85 is divided by ((-11)/(-4))/((-16)/t).
8
Calculate the remainder when (-4 - -1)/(((-42)/(-5736))/(-7)) is divided by 7.
5
Suppose 0 = 5*u - 834 + 1344. What is the remainder when u*42/(-32) + (-12)/(-96) is divided by 68?
66
Suppose 22*b - 1265 = -1111. Calculate the remainder when 536 is divided by b.
4
Suppose -22*y + 1182 - 126 = 0. Calculate the remainder when 6094 is divided by y.
46
What is the remainder when 291 + (-14)/14 - 26 is divided by 63?
12
Let q(u) = -7*u**2 - 122*u - 370. What is the remainder when 82/7 + (-6)/(-21) is divided by q(-4)?
0
Suppose -p + 8 = 1. Let h(v) = 11 + 3*v - p - 1 - v. What is the remainder when 15 is divided by h(4)?
4
Let i(f) = f**2 + 6*f - 11. Let x = 97 + 11. Calculate the remainder when x is divided by i(-9).
12
Let i(h) = -49*h + 4. Let f be i(4). Let l = 227 + f. What is the remainder when 68 is divided by l?
33
Suppose 5*q - 31 = -6. Suppose 0 = 3*p - q*p + 138. What is the remainder when p is divided by 24?
21
Let p be 14 - (4/1)/((-16)/(-4)). Suppose 19 = 5*n - 2*n - 4*t, -n - 2*t + p = 0. Let x(h) = 2*h + 40. Calculate the remainder when x(n) is divided by 20.
18
Suppose 5*z = -0*n - 5*n + 2180, -n - 1714 = -4*z. Calculate the remainder when z is divided by 215.
0
Suppose 123*i - 162 = 129*i. Calculate the remainder when i/45 - ((-1643)/5 - -1) is divided by 66.
63
Calculate the remainder when 145 - 4/(-3)*-18*4/32 is divided by 76.
66
Let r = -32 - -68. Let c = 238 + 107. Suppose -5*h = -0*h - c. What is the remainder when h is divided by r?
33
Suppose 242*y - 35328 = -270*y. Calculate the remainder when 293 is divided by y.
17
Let h = 7802 - 7776. Calculate the remainder when 213 is divided by h.
5
Suppose 12*b = -307 + 1327. Calculate the remainder when b is divided by ((-2)/3)/(2/(-87)).
27
Let l be ((-2319)/15 + 1)/(66/(-220)). Let f = -299 + l. What is the remainder when f is divided by 36?
33
Suppose 3*q + 4*d + 14 = 8*q, 4 = -4*d. What is the remainder when 9*q*(-12)/(-9) is divided by 3/(-1)*(-26)/6?
11
Sup